{"id":1063,"date":"2025-03-04T10:01:06","date_gmt":"2025-03-04T09:01:06","guid":{"rendered":"https:\/\/zielonyjamnik.pl\/?page_id=1063"},"modified":"2025-09-19T14:47:28","modified_gmt":"2025-09-19T12:47:28","slug":"wladze-fundacji","status":"publish","type":"page","link":"https:\/\/zielonyjamnik.pl\/?page_id=1063","title":{"rendered":"W\u0142adze fundacji"},"content":{"rendered":"\n<p>Sylwia Kawecka obj\u0119\u0142a stanowisko Prezesa Fundacji \u201eZielony Jamnik \u2013 na ratunek bezbronnym\u201d <br>z pocz\u0105tkiem 2025 roku.<\/p>\n\n\n\n<p>Zatrudniona w 2012 roku w Solaris Bus &amp; Coach sp. z o. o. jako opiekunka w przyzak\u0142adowym \u017c\u0142obku \u201ePod Zielonym Jamniczkiem\u201d, od sierpnia 2013 roku pe\u0142ni funkcj\u0119 Dyrektora O\u015brodka.<\/p>\n\n\n\n<p>Jest absolwentk\u0105 Uniwersytetu im. Adama Mickiewicza w Poznaniu (kierunek: Historia, specjalno\u015b\u0107 nauczycielska oraz wiedza o kulturze). Uko\u0144czy\u0142a tak\u017ce studia podyplomowe w Wy\u017cszej Szkole Zawodowej \u201eKadry Dla Europy\u201d (kierunek: Wychowanie przedszkolne i nauczanie pocz\u0105tkowe) oraz Zarz\u0105dzanie O\u015bwiat\u0105 na Uniwersytecie im. Adama Mickiewicza w Poznaniu.<\/p>\n\n\n\n<p>Zdobyte wykszta\u0142cenie, do\u015bwiadczenie zawodowe, a tak\u017ce fakt bycia mam\u0105 dw\u00f3jki nastolatk\u00f3w, doskonale przek\u0142adaj\u0105 si\u0119 na edukacj\u0119, piel\u0119gnacj\u0119 i wychowanie dzieci w \u017c\u0142obku, owocn\u0105 wsp\u00f3\u0142prac\u0119 z rodzicami podopiecznych plac\u00f3wki, a tak\u017ce zarz\u0105dzanie o\u015bmioosobowym zespo\u0142em stanowi\u0105cym kadr\u0119 plac\u00f3wki. Otwarto\u015b\u0107 na drugiego cz\u0142owieka w codziennej pracy zawodowej znajduje swoje odzwierciedlenie r\u00f3wnie\u017c w dzia\u0142alno\u015bci fundacyjnej.<\/p>\n\n\n\n<p>Sylwia Kawecka jest m\u0119\u017catk\u0105. Wolny czas najch\u0119tniej sp\u0119dza w swoim ogrodzie lub spaceruj\u0105c z psami. Lubi jog\u0119 oraz podr\u00f3\u017ce.<\/p>\n","protected":false},"excerpt":{"rendered":"<p>Sylwia Kawecka obj\u0119\u0142a stanowisko Prezesa Fundacji \u201eZielony Jamnik \u2013 na ratunek bezbronnym\u201d z pocz\u0105tkiem 2025 roku. Zatrudniona w 2012 roku w Solaris Bus &amp; Coach sp. z o. o. jako opiekunka w przyzak\u0142adowym \u017c\u0142obku \u201ePod Zielonym Jamniczkiem\u201d, od sierpnia 2013 roku pe\u0142ni funkcj\u0119 Dyrektora O\u015brodka. Jest absolwentk\u0105 Uniwersytetu im. Adama Mickiewicza w Poznaniu (kierunek: Historia, specjalno\u015b\u0107 nauczycielska oraz wiedza o kulturze). Uko\u0144czy\u0142a tak\u017ce studia podyplomowe w Wy\u017cszej Szkole Zawodowej \u201eKadry Dla Europy\u201d (kierunek: Wychowanie przedszkolne i nauczanie pocz\u0105tkowe) oraz Zarz\u0105dzanie O\u015bwiat\u0105 na Uniwersytecie im. Adama Mickiewicza w Poznaniu. Zdobyte wykszta\u0142cenie, do\u015bwiadczenie zawodowe, a tak\u017ce fakt bycia mam\u0105 dw\u00f3jki nastolatk\u00f3w, doskonale przek\u0142adaj\u0105 si\u0119 na edukacj\u0119, piel\u0119gnacj\u0119 i wychowanie dzieci w \u017c\u0142obku, owocn\u0105 wsp\u00f3\u0142prac\u0119 z rodzicami podopiecznych plac\u00f3wki, a tak\u017ce zarz\u0105dzanie o\u015bmioosobowym zespo\u0142em stanowi\u0105cym kadr\u0119 plac\u00f3wki. Otwarto\u015b\u0107 na drugiego cz\u0142owieka w codziennej pracy zawodowej znajduje swoje odzwierciedlenie r\u00f3wnie\u017c w dzia\u0142alno\u015bci fundacyjnej. Sylwia Kawecka jest m\u0119\u017catk\u0105. Wolny czas najch\u0119tniej sp\u0119dza w swoim ogrodzie lub spaceruj\u0105c z psami. Lubi jog\u0119 oraz podr\u00f3\u017ce.<\/p>\n","protected":false},"author":1,"featured_media":0,"parent":0,"menu_order":0,"comment_status":"closed","ping_status":"closed","template":"","meta":{"footnotes":""},"class_list":["post-1063","page","type-page","status-publish","hentry"],"_links":{"self":[{"href":"https:\/\/zielonyjamnik.pl\/index.php?rest_route=\/wp\/v2\/pages\/1063","targetHints":{"allow":["GET"]}}],"collection":[{"href":"https:\/\/zielonyjamnik.pl\/index.php?rest_route=\/wp\/v2\/pages"}],"about":[{"href":"https:\/\/zielonyjamnik.pl\/index.php?rest_route=\/wp\/v2\/types\/page"}],"author":[{"embeddable":true,"href":"https:\/\/zielonyjamnik.pl\/index.php?rest_route=\/wp\/v2\/users\/1"}],"replies":[{"embeddable":true,"href":"https:\/\/zielonyjamnik.pl\/index.php?rest_route=%2Fwp%2Fv2%2Fcomments&post=1063"}],"version-history":[{"count":4,"href":"https:\/\/zielonyjamnik.pl\/index.php?rest_route=\/wp\/v2\/pages\/1063\/revisions"}],"predecessor-version":[{"id":1577,"href":"https:\/\/zielonyjamnik.pl\/index.php?rest_route=\/wp\/v2\/pages\/1063\/revisions\/1577"}],"wp:attachment":[{"href":"https:\/\/zielonyjamnik.pl\/index.php?rest_route=%2Fwp%2Fv2%2Fmedia&parent=1063"}],"curies":[{"name":"wp","href":"https:\/\/api.w.org\/{rel}","templated":true}]}}

Władze fundacji

<p>Sylwia Kawecka objęła stanowisko Prezesa Fundacji „Zielony Jamnik – na ratunek bezbronnym” <br>z początkiem 2025 roku.</p>



<p>Zatrudniona w 2012 roku w Solaris Bus &amp; Coach sp. z o. o. jako opiekunka w przyzakładowym żłobku „Pod Zielonym Jamniczkiem”, od sierpnia 2013 roku pełni funkcję Dyrektora Ośrodka.</p>



<p>Jest absolwentką Uniwersytetu im. Adama Mickiewicza w Poznaniu (kierunek: Historia, specjalność nauczycielska oraz wiedza o kulturze). Ukończyła także studia podyplomowe w Wyższej Szkole Zawodowej „Kadry Dla Europy” (kierunek: Wychowanie przedszkolne i nauczanie początkowe) oraz Zarządzanie Oświatą na Uniwersytecie im. Adama Mickiewicza w Poznaniu.</p>



<p>Zdobyte wykształcenie, doświadczenie zawodowe, a także fakt bycia mamą dwójki nastolatków, doskonale przekładają się na edukację, pielęgnację i wychowanie dzieci w żłobku, owocną współpracę z rodzicami podopiecznych placówki, a także zarządzanie ośmioosobowym zespołem stanowiącym kadrę placówki. Otwartość na drugiego człowieka w codziennej pracy zawodowej znajduje swoje odzwierciedlenie również w działalności fundacyjnej.</p>



<p>Sylwia Kawecka jest mężatką. Wolny czas najchętniej spędza w swoim ogrodzie lub spacerując z psami. Lubi jogę oraz podróże.</p>

<p>Sylwia Kawecka objęła stanowisko Prezesa Fundacji „Zielony Jamnik – na ratunek bezbronnym” z początkiem 2025 roku. Zatrudniona w 2012 roku w Solaris Bus &amp; Coach sp. z o. o. jako opiekunka w przyzakładowym żłobku „Pod Zielonym Jamniczkiem”, od sierpnia 2013 roku pełni funkcję Dyrektora Ośrodka. Jest absolwentką Uniwersytetu im. Adama Mickiewicza w Poznaniu (kierunek: Historia, specjalność nauczycielska oraz wiedza o kulturze). Ukończyła także studia podyplomowe w Wyższej Szkole Zawodowej „Kadry Dla Europy” (kierunek: Wychowanie przedszkolne i nauczanie początkowe) oraz Zarządzanie Oświatą na Uniwersytecie im. Adama Mickiewicza w Poznaniu. Zdobyte wykształcenie, doświadczenie zawodowe, a także fakt bycia mamą dwójki nastolatków, doskonale przekładają się na edukację, pielęgnację i wychowanie dzieci w żłobku, owocną współpracę z rodzicami podopiecznych placówki, a także zarządzanie ośmioosobowym zespołem stanowiącym kadrę placówki. Otwartość na drugiego człowieka w codziennej pracy zawodowej znajduje swoje odzwierciedlenie również w działalności fundacyjnej. Sylwia Kawecka jest mężatką. Wolny czas najchętniej spędza w swoim ogrodzie lub spacerując z psami. Lubi jogę oraz podróże.</p>
